 remainder when 48 is divided by f?
3
Let b(g) = g**2 - 4*g + 3. Let t be 3 + (54/3)/(-3). What is the remainder when b(7) is divided by t/(-10)*-2*-15?
6
Let q = 1 + 4. Let m = 2 - q. Let a = m - -17. What is the remainder when 27 is divided by a?
13
Let m(c) = c + 3. Let a(r) = -4. Let z(h) = 6*a(h) + 7*m(h). Calculate the remainder when z(2) is divided by 0 + -1 + 5*1.
3
Let r(h) = h**3 - 3*h**2 + 3*h + 1. What is the remainder when 48 is divided by r(3)?
8
Let l = -5 - -8. Calculate the remainder when (l - 1/1)*16 is divided by 11.
10
Let m = -17 + 34. Calculate the remainder when m is divided by 10.
7
Let d(o) = -o**3 + 6*o**2 + 10*o - 2. Let l(s) = 12*s**3 - 2*s**2 + 2*s - 1. Let p be l(1). Let f = 18 - p. What is the remainder when 37 is divided by d(f)?
18
Suppose -20 = 4*v + 8. Let d = -5 - v. Calculate the remainder when 228/15 + d/(-10) is divided by 8.
7
Let j be (-1)/4 + 90/40. Suppose -5*u = 3*m - 141, 2*u - u = -j*m + 31. What is the remainder when u is divided by 10?
7
Let q be 0 - 1/((-3)/270). Suppose 2*v - 3*v + q = 5*j, -4*j + 71 = v. What is the remainder when 55 is divided by j?
17
Let j(p) = -13*p + 23*p - 7 - 10. Calculate the remainder when j(12) is divided by 26.
25
Let n = -7 - -12. Suppose -s + 24 = -n*s. Let u = 10 + s. What is the remainder when 6 is divided by u?
2
Suppose -5*a = -3*v + 7*v - 1348, 1348 = 4*v + 3*a. What is the remainder when v is divided by 34?
31
Let r = -14 - -17. Suppose -r*x + 3 = 0, -2*b - 3*b = 5*x - 270. Calculate the remainder when b is divided by 14.
11
Let o be (-6 - -7) + 6/2. Suppose -j - 4*j = 5*p - 55, o*p = -2*j + 34. Calculate the remainder when 9 is divided by p.
3
Suppose -5*t = 4*f - 74, 10 + 41 = 4*t - 5*f. Let x = -43 - -68. What is the remainder when x is divided by t?
11
Suppose -5*t + 38 = 3. Let p = 5 + t. Calculate the remainder when p is divided by 7.
5
Let s(b) = b - 4. Calculate the remainder when s(10) is divided by 3.
0
Let x(f) = -f**2 + 10*f - 11. What is the remainder when 47 is divided by x(4)?
8
Let y = 5 - 3. Suppose z - 14 = 2*n - 4*z, 5*n + y*z - 23 = 0. Calculate the remainder when 7 is divided by n.
1
Suppose -8*b + 36 = 4*t - 4*b, -t + 10 = 2*b. Calculate the remainder when (30/(-9))/(2/(-9)) is divided by t.
7
Let c(w) = 5*w**3 - 2*w + 2. Let z = -12 - -22. Calculate the remainder when c(2) is divided by z.
8
Let z = -31 + 74. Calculate the remainder when z is divided by 16.
11
Let y(a) = a + 23. What is the remainder when 66 is divided by y(0)?
20
Calculate the remainder when 1140/24*(1 - 2/(-2)) is divided by 12.
11
Let x = 38 - -2. Suppose 3*l - 5*c = 8*l - x, 14 = 2*l + c. What is the remainder when 11 is divided by l?
5
Let g = 6 + -3. Calculate the remainder when 8 is divided by g.
2
Calculate the remainder when (9/2 + 1)/((-7)/(-42)) is divided by (-17)/(-1) - (0 - 1).
15
Let k = -13 - -27. Let v(q) be the third derivative of q**4/6 - 2*q**3/3 + q**2. Calculate the remainder when k is divided by v(3).
6
Let n = 22 - 13. Suppose -4*q + i + 37 = 0, -4*i = 2*q - 23 - n. What is the remainder when q is divided by 4?
2
Let v = -12 - -21. What is the remainder when 28 is divided by (-6)/v + 160/15?
8
Let z(d) = d**3 - 6*d**2 + 6*d - 1. Let v be z(5). Suppose -29 = -v*l + 3. What is the remainder when 13 is divided by l?
5
Let b(y) = y**2 + 14*y - 35. Calculate the remainder when b(-18) is divided by 19.
18
Let q = 5 + -4. Suppose 3*w = -q + 43. What is the remainder when 26 is divided by w?
12
Suppose 2*r + 0 = -8. Suppose c - 14 - 16 = -3*m, -m = 4*c - 65. Let w = r + c. Calculate the remainder when 21 is divided by w.
10
Suppose 0*l - 3*l = -9. Suppose 60 = 2*d + 3*d. Suppose 2*s + d = l*s. Calculate the remainder when s is divided by 7.
5
Let j = -37 - -52. What is the remainder when (-686)/(-16) + 1/8 is divided by j?
13
Suppose 91 = 9*r - 431. What is the remainder when r is divided by 16?
10
Let u(f) = -2*f**3 + f**3 + 3 + 11*f**2 - f**2 - 1 + 4*f. Calculate the remainder when u(10) is divided by 15.
12
Suppose 5*q = -3*c + 84, 2*c + 4*q + 14 - 70 = 0. Let b = 39 - c. What is the remainder when b is divided by 4?
3
Suppose -3*l + 6 - 57 = 0. Let z be 8/20 + (-444)/(-15). Let g = z - l. Calculate the remainder when g is divided by 16.
15
Let y(a) = a**2 + 4*a - 8. Calculate the remainder when y(4) is divided by 9.
6
Suppose -3*n + 9*n = 234. Calculate the remainder when n is divided by 16.
7
Suppose -4*z + 66 = -22. Suppose 23*l + 131 = 2*j + 24*l, -64 = -j + l. What is the remainder when j is divided by z?
21
Suppose -3*k - 2 = -u, k = 3*u - u - 19. Suppose -28 = -5*g - 68. Let l = u + g. Calculate the remainder when 4 is divided by l.
1
Suppose 104 = 5*l + 9. Let t = -56 - -128. Suppose 0 = -4*g + 2*g + t. What is the remainder when g is divided by l?
17
Suppose -4*j + 496 = -0*j. Calculate the remainder when 1/(2/j) - -1 is divided by 22.
19
Let n = -7 + 26. Let o = -695 - -769. What is the remainder when o is divided by n?
17
Suppose -21*p + 48 = -19*p. What is the remainder when p is divided by 9?
6
Let x(n) = -6*n + 2 + 1 + n**2 - 2 + 8. Let r(i) = 2*i - 5. What is the remainder when x(6) is divided by r(5)?
4
Let y = 79 - 45. Calculate the remainder when y is divided by 9.
7
Let l = -1 - -4. Suppose 0 = 5*x - l*y - 40, 0 = 3*x - 5*y - 0*y - 8. What is the remainder when 41 is divided by x?
8
Let x(v) = 6*v - 2*v - 5*v + 7*v + 3. Let p be x(-2). Let a = p - -16. Calculate the remainder when 19 is divided by a.
5
Let m = 0 + 2. Suppose m*k + 3*k = 0. Suppose -5*h + 76 + 6 = -2*j, -2*j + 8 = k. Calculate the remainder when 52 is divided by h.
16
What is the remainder when -8*(15/(-4) + -4) is divided by 17?
11
Suppose -3*t = -6*t + 93. Calculate the remainder when 245 is divided by t.
28
Let d = -20 + 23. Suppose -2*z - 98 = -4*v, d*v + 4*z - z - 60 = 0. What is the remainder when 67 is divided by v?
21
Let p = 28 + -14. Calculate the remainder when 40 is divided by p.
12
Let u(a) = 5*a**3 - 2*a**2 + 1. Let s be u(1). Suppose s*o - 35 = -o. Calculate the remainder when o is divided by 3.
1
Suppose -5*n = -6*n + 35. Calculate the remainder when n is divided by 13.
9
Let a(f) = -f + 7. Calculate the remainder when 62 is divided by a(-9).
14
Calculate the remainder when 2/4 - 1404/(-24) is divided by 15.
14
Suppose 3*b = 4*b - 2*m - 189, b + m = 174. Suppose 5*s - b - 286 = 0. Calculate the remainder when s is divided by 24.
21
Let j(h) = -2*h. Let i(k) = 2*k - 1. Let n(y) = 4*y**3 - y. Let d be n(1). What is the remainder when i(d) is divided by j(-1)?
1
Let y = 127 + -73. Let q(s) = -s**3 + 8*s**2 - 10*s + 7. Calculate the remainder when y is divided by q(6).
16
Let h be 2/4 - (-15)/6. Calculate the remainder when (h/(-6))/(2/(-148)) is divided by 13.
11
Let m = 38 - 29. What is the remainder when 13 is divided by m?
4
Let c be 10 + (-3)/((-9)/6). What is the remainder when 51 is divided by 0/(-3) + 1 + c?
12
Suppose 0 = -5*u + 5, -3*u - u = 3*t - 31. What is the remainder when 18 is divided by t/6 + 17/2?
8
Let b = 14 - 1. Suppose i = -q - 24, -i - 3*q = 2*q + 40. What is the remainder when (36/10)/((-3)/i) is divided by b?
11
What is the remainder when 15 is divided by 2*((-4)/(-2) - -2)?
7
Let t = -9 + 15. Suppose -2*l = 3*i - 5 - 5, -5*l + 2*i + t = 0. Suppose 0 = l*b - 3*b + 6. What is the remainder when 22 is divided by b?
4
What is the remainder when ((-1586)/(-65))/((-2)/(-5)) is divided by 16?
13
Let y(b) = 4*b**2 - 2*b**2 - b**3 + 3*b**2. What is the remainder when y(3) is divided by 7?
4
Suppose -8*d + 69 = -5*d. Suppose -4*y + 17 = -7. What is the remainder when d is divided by y?
5
Let m(v) be the third derivative of v**5/60 + v**4/24 + 3*v**2. Let d be m(1). Suppose 3*z - 4 - d = 0. What is the remainder when z is divided by 1?
0
Suppose -4*h + 0*h - 56 = 0. Let a(b) = -b + 6. Calculate the remainder when 77 is divided by a(h).
17
Let v = 25 + -13. Let c = v + -5. Let d(z) = 3*z**2 + 3*z - 5. What is the remainder when d(2) is divided by c?
6
Let r be 3/9 - 70/(-6). Suppose -3*l = -4*l + r. Calculate the remainder when 46 is divided by l.
10
Let w(i) = 10*i - 1. Suppose 4*c + 2*s - 33 - 45 = 0, -70 = -5*c + 3*s. Calculate the remainder when c is divided by w(1).
8
Let l be (-1 - 2)/(3/(-15)). Let a = l + -7. Suppose 5*f = -0*